{"id":378,"date":"2021-03-21T16:50:55","date_gmt":"2021-03-21T15:50:55","guid":{"rendered":"https:\/\/utekuehn.de\/?page_id=378"},"modified":"2021-04-08T10:45:57","modified_gmt":"2021-04-08T08:45:57","slug":"10-kunst","status":"publish","type":"page","link":"https:\/\/utekuehn.de\/index.php\/10-kunst\/","title":{"rendered":"10\u00b0 Kunst"},"content":{"rendered":"\n<!-- default-view.php -->\n<div\n\tclass=\"ngg-galleryoverview default-view \"\n\tid=\"ngg-gallery-ba384bfc86d4e3270e39b561d42c943d-1\">\n\n\t\t<!-- Thumbnails -->\n\t\t\t\t<div id=\"ngg-image-0\" class=\"ngg-gallery-thumbnail-box \" >\n\t\t\t\t        <div class=\"ngg-gallery-thumbnail\">\n            <a href=\"https:\/\/utekuehn.de\/wp-content\/gallery\/10-grad-kunst\/Foto-01_Seitenwechsel_LKW-Faehre-in-Patagonien_Chile.jpg\"\n               title=\"\"\n               data-src=\"https:\/\/utekuehn.de\/wp-content\/gallery\/10-grad-kunst\/Foto-01_Seitenwechsel_LKW-Faehre-in-Patagonien_Chile.jpg\"\n               data-thumbnail=\"https:\/\/utekuehn.de\/wp-content\/gallery\/10-grad-kunst\/thumbs\/thumbs_Foto-01_Seitenwechsel_LKW-Faehre-in-Patagonien_Chile.jpg\"\n               data-image-id=\"110\"\n               data-title=\"Foto-01_Seitenwechsel_LKW-Faehre-in-Patagonien_Chile\"\n               data-description=\"\"\n               data-image-slug=\"foto-01_seitenwechsel_lkw-faehre-in-patagonien_chile\"\n               class=\"ngg-simplelightbox\" rel=\"ba384bfc86d4e3270e39b561d42c943d\">\n                <img\n                    title=\"Foto-01_Seitenwechsel_LKW-Faehre-in-Patagonien_Chile\"\n                    alt=\"Foto-01_Seitenwechsel_LKW-Faehre-in-Patagonien_Chile\"\n                    src=\"https:\/\/utekuehn.de\/wp-content\/gallery\/10-grad-kunst\/thumbs\/thumbs_Foto-01_Seitenwechsel_LKW-Faehre-in-Patagonien_Chile.jpg\"\n                    width=\"115\"\n                    height=\"173\"\n                    style=\"max-width:100%;\"\n                \/>\n            <\/a>\n        <\/div>\n\t\t\t\t\t\t\t<\/div> \n\t\t\t\n\t\t\t\t<div id=\"ngg-image-1\" class=\"ngg-gallery-thumbnail-box \" >\n\t\t\t\t        <div class=\"ngg-gallery-thumbnail\">\n            <a href=\"https:\/\/utekuehn.de\/wp-content\/gallery\/10-grad-kunst\/Foto-02_Beginn_Pflanze-in-Lavaerde_Chile.jpg\"\n               title=\"\"\n               data-src=\"https:\/\/utekuehn.de\/wp-content\/gallery\/10-grad-kunst\/Foto-02_Beginn_Pflanze-in-Lavaerde_Chile.jpg\"\n               data-thumbnail=\"https:\/\/utekuehn.de\/wp-content\/gallery\/10-grad-kunst\/thumbs\/thumbs_Foto-02_Beginn_Pflanze-in-Lavaerde_Chile.jpg\"\n               data-image-id=\"112\"\n               data-title=\"Foto-02_Beginn_Pflanze-in-Lavaerde_Chile\"\n               data-description=\"\"\n               data-image-slug=\"foto-02_beginn_pflanze-in-lavaerde_chile\"\n               class=\"ngg-simplelightbox\" rel=\"ba384bfc86d4e3270e39b561d42c943d\">\n                <img\n                    title=\"Foto-02_Beginn_Pflanze-in-Lavaerde_Chile\"\n                    alt=\"Foto-02_Beginn_Pflanze-in-Lavaerde_Chile\"\n                    src=\"https:\/\/utekuehn.de\/wp-content\/gallery\/10-grad-kunst\/thumbs\/thumbs_Foto-02_Beginn_Pflanze-in-Lavaerde_Chile.jpg\"\n                    width=\"115\"\n                    height=\"173\"\n                    style=\"max-width:100%;\"\n                \/>\n            <\/a>\n        <\/div>\n\t\t\t\t\t\t\t<\/div> \n\t\t\t\n\t\t\t\t<div id=\"ngg-image-2\" class=\"ngg-gallery-thumbnail-box \" >\n\t\t\t\t        <div class=\"ngg-gallery-thumbnail\">\n            <a href=\"https:\/\/utekuehn.de\/wp-content\/gallery\/10-grad-kunst\/Foto-03_Uebersetzen_Faehre-am-Titicacasee.jpg\"\n               title=\"\"\n               data-src=\"https:\/\/utekuehn.de\/wp-content\/gallery\/10-grad-kunst\/Foto-03_Uebersetzen_Faehre-am-Titicacasee.jpg\"\n               data-thumbnail=\"https:\/\/utekuehn.de\/wp-content\/gallery\/10-grad-kunst\/thumbs\/thumbs_Foto-03_Uebersetzen_Faehre-am-Titicacasee.jpg\"\n               data-image-id=\"114\"\n               data-title=\"Foto-03_Uebersetzen_Faehre-am-Titicacasee\"\n               data-description=\"\"\n               data-image-slug=\"foto-03_uebersetzen_faehre-am-titicacasee\"\n               class=\"ngg-simplelightbox\" rel=\"ba384bfc86d4e3270e39b561d42c943d\">\n                <img\n                    title=\"Foto-03_Uebersetzen_Faehre-am-Titicacasee\"\n                    alt=\"Foto-03_Uebersetzen_Faehre-am-Titicacasee\"\n                    src=\"https:\/\/utekuehn.de\/wp-content\/gallery\/10-grad-kunst\/thumbs\/thumbs_Foto-03_Uebersetzen_Faehre-am-Titicacasee.jpg\"\n                    width=\"260\"\n                    height=\"173\"\n                    style=\"max-width:100%;\"\n                \/>\n            <\/a>\n        <\/div>\n\t\t\t\t\t\t\t<\/div> \n\t\t\t\n\t\t\t\t<div id=\"ngg-image-3\" class=\"ngg-gallery-thumbnail-box \" >\n\t\t\t\t        <div class=\"ngg-gallery-thumbnail\">\n            <a href=\"https:\/\/utekuehn.de\/wp-content\/gallery\/10-grad-kunst\/Foto-4_Aufbruch_La-Paz.jpg\"\n               title=\"\"\n               data-src=\"https:\/\/utekuehn.de\/wp-content\/gallery\/10-grad-kunst\/Foto-4_Aufbruch_La-Paz.jpg\"\n               data-thumbnail=\"https:\/\/utekuehn.de\/wp-content\/gallery\/10-grad-kunst\/thumbs\/thumbs_Foto-4_Aufbruch_La-Paz.jpg\"\n               data-image-id=\"111\"\n               data-title=\"Foto-4_Aufbruch_La-Paz\"\n               data-description=\"\"\n               data-image-slug=\"foto-4_aufbruch_la-paz\"\n               class=\"ngg-simplelightbox\" rel=\"ba384bfc86d4e3270e39b561d42c943d\">\n                <img\n                    title=\"Foto-4_Aufbruch_La-Paz\"\n                    alt=\"Foto-4_Aufbruch_La-Paz\"\n                    src=\"https:\/\/utekuehn.de\/wp-content\/gallery\/10-grad-kunst\/thumbs\/thumbs_Foto-4_Aufbruch_La-Paz.jpg\"\n                    width=\"115\"\n                    height=\"173\"\n                    style=\"max-width:100%;\"\n                \/>\n            <\/a>\n        <\/div>\n\t\t\t\t\t\t\t<\/div> \n\t\t\t\n\t\t\t\t<div id=\"ngg-image-4\" class=\"ngg-gallery-thumbnail-box \" >\n\t\t\t\t        <div class=\"ngg-gallery-thumbnail\">\n            <a href=\"https:\/\/utekuehn.de\/wp-content\/gallery\/10-grad-kunst\/Foto-05_Gehen_Wanderstiefel-am-Titicacasee.jpg\"\n               title=\"\"\n               data-src=\"https:\/\/utekuehn.de\/wp-content\/gallery\/10-grad-kunst\/Foto-05_Gehen_Wanderstiefel-am-Titicacasee.jpg\"\n               data-thumbnail=\"https:\/\/utekuehn.de\/wp-content\/gallery\/10-grad-kunst\/thumbs\/thumbs_Foto-05_Gehen_Wanderstiefel-am-Titicacasee.jpg\"\n               data-image-id=\"115\"\n               data-title=\"Foto-05_Gehen_Wanderstiefel-am-Titicacasee\"\n               data-description=\"\"\n               data-image-slug=\"foto-05_gehen_wanderstiefel-am-titicacasee\"\n               class=\"ngg-simplelightbox\" rel=\"ba384bfc86d4e3270e39b561d42c943d\">\n                <img\n                    title=\"Foto-05_Gehen_Wanderstiefel-am-Titicacasee\"\n                    alt=\"Foto-05_Gehen_Wanderstiefel-am-Titicacasee\"\n                    src=\"https:\/\/utekuehn.de\/wp-content\/gallery\/10-grad-kunst\/thumbs\/thumbs_Foto-05_Gehen_Wanderstiefel-am-Titicacasee.jpg\"\n                    width=\"115\"\n                    height=\"173\"\n                    style=\"max-width:100%;\"\n                \/>\n            <\/a>\n        <\/div>\n\t\t\t\t\t\t\t<\/div> \n\t\t\t\n\t\t\t\t<div id=\"ngg-image-5\" class=\"ngg-gallery-thumbnail-box \" >\n\t\t\t\t        <div class=\"ngg-gallery-thumbnail\">\n            <a href=\"https:\/\/utekuehn.de\/wp-content\/gallery\/10-grad-kunst\/Foto_06-Ortswechsel_Hamburg-Suedcontainer-auf-Feuerland.jpg\"\n               title=\"\"\n               data-src=\"https:\/\/utekuehn.de\/wp-content\/gallery\/10-grad-kunst\/Foto_06-Ortswechsel_Hamburg-Suedcontainer-auf-Feuerland.jpg\"\n               data-thumbnail=\"https:\/\/utekuehn.de\/wp-content\/gallery\/10-grad-kunst\/thumbs\/thumbs_Foto_06-Ortswechsel_Hamburg-Suedcontainer-auf-Feuerland.jpg\"\n               data-image-id=\"117\"\n               data-title=\"Foto_06-Ortswechsel_Hamburg-Suedcontainer-auf-Feuerland\"\n               data-description=\"\"\n               data-image-slug=\"foto_06-ortswechsel_hamburg-suedcontainer-auf-feuerland\"\n               class=\"ngg-simplelightbox\" rel=\"ba384bfc86d4e3270e39b561d42c943d\">\n                <img\n                    title=\"Foto_06-Ortswechsel_Hamburg-Suedcontainer-auf-Feuerland\"\n                    alt=\"Foto_06-Ortswechsel_Hamburg-Suedcontainer-auf-Feuerland\"\n                    src=\"https:\/\/utekuehn.de\/wp-content\/gallery\/10-grad-kunst\/thumbs\/thumbs_Foto_06-Ortswechsel_Hamburg-Suedcontainer-auf-Feuerland.jpg\"\n                    width=\"260\"\n                    height=\"173\"\n                    style=\"max-width:100%;\"\n                \/>\n            <\/a>\n        <\/div>\n\t\t\t\t\t\t\t<\/div> \n\t\t\t\n\t\t\t\t<div id=\"ngg-image-6\" class=\"ngg-gallery-thumbnail-box \" >\n\t\t\t\t        <div class=\"ngg-gallery-thumbnail\">\n            <a href=\"https:\/\/utekuehn.de\/wp-content\/gallery\/10-grad-kunst\/Foto-08_Schilfhaeuser-auf-Titicacasee_Peru.jpg\"\n               title=\"\"\n               data-src=\"https:\/\/utekuehn.de\/wp-content\/gallery\/10-grad-kunst\/Foto-08_Schilfhaeuser-auf-Titicacasee_Peru.jpg\"\n               data-thumbnail=\"https:\/\/utekuehn.de\/wp-content\/gallery\/10-grad-kunst\/thumbs\/thumbs_Foto-08_Schilfhaeuser-auf-Titicacasee_Peru.jpg\"\n               data-image-id=\"116\"\n               data-title=\"Foto-08_Schilfhaeuser-auf-Titicacasee_Peru\"\n               data-description=\"\"\n               data-image-slug=\"foto-08_schilfhaeuser-auf-titicacasee_peru\"\n               class=\"ngg-simplelightbox\" rel=\"ba384bfc86d4e3270e39b561d42c943d\">\n                <img\n                    title=\"Foto-08_Schilfhaeuser-auf-Titicacasee_Peru\"\n                    alt=\"Foto-08_Schilfhaeuser-auf-Titicacasee_Peru\"\n                    src=\"https:\/\/utekuehn.de\/wp-content\/gallery\/10-grad-kunst\/thumbs\/thumbs_Foto-08_Schilfhaeuser-auf-Titicacasee_Peru.jpg\"\n                    width=\"115\"\n                    height=\"173\"\n                    style=\"max-width:100%;\"\n                \/>\n            <\/a>\n        <\/div>\n\t\t\t\t\t\t\t<\/div> \n\t\t\t\n\t\t\t\t<div id=\"ngg-image-7\" class=\"ngg-gallery-thumbnail-box \" >\n\t\t\t\t        <div class=\"ngg-gallery-thumbnail\">\n            <a href=\"https:\/\/utekuehn.de\/wp-content\/gallery\/10-grad-kunst\/Foto-07_Gute-Aussichten_Pinguin-an-der-Magellanstrasse.jpg\"\n               title=\"\"\n               data-src=\"https:\/\/utekuehn.de\/wp-content\/gallery\/10-grad-kunst\/Foto-07_Gute-Aussichten_Pinguin-an-der-Magellanstrasse.jpg\"\n               data-thumbnail=\"https:\/\/utekuehn.de\/wp-content\/gallery\/10-grad-kunst\/thumbs\/thumbs_Foto-07_Gute-Aussichten_Pinguin-an-der-Magellanstrasse.jpg\"\n               data-image-id=\"113\"\n               data-title=\"Foto-07_Gute-Aussichten_Pinguin-an-der-Magellanstrasse\"\n               data-description=\"\"\n               data-image-slug=\"foto-07_gute-aussichten_pinguin-an-der-magellanstrasse\"\n               class=\"ngg-simplelightbox\" rel=\"ba384bfc86d4e3270e39b561d42c943d\">\n                <img\n                    title=\"Foto-07_Gute-Aussichten_Pinguin-an-der-Magellanstrasse\"\n                    alt=\"Foto-07_Gute-Aussichten_Pinguin-an-der-Magellanstrasse\"\n                    src=\"https:\/\/utekuehn.de\/wp-content\/gallery\/10-grad-kunst\/thumbs\/thumbs_Foto-07_Gute-Aussichten_Pinguin-an-der-Magellanstrasse.jpg\"\n                    width=\"115\"\n                    height=\"173\"\n                    style=\"max-width:100%;\"\n                \/>\n            <\/a>\n        <\/div>\n\t\t\t\t\t\t\t<\/div> \n\t\t\t\n\t\t\t\t<div id=\"ngg-image-8\" class=\"ngg-gallery-thumbnail-box \" >\n\t\t\t\t        <div class=\"ngg-gallery-thumbnail\">\n            <a href=\"https:\/\/utekuehn.de\/wp-content\/gallery\/10-grad-kunst\/Motiv-09_Bewegen_Pazifik-bei-Isla-Negra_bei-Haus-von-Pablo-Neruda.jpg\"\n               title=\"\"\n               data-src=\"https:\/\/utekuehn.de\/wp-content\/gallery\/10-grad-kunst\/Motiv-09_Bewegen_Pazifik-bei-Isla-Negra_bei-Haus-von-Pablo-Neruda.jpg\"\n               data-thumbnail=\"https:\/\/utekuehn.de\/wp-content\/gallery\/10-grad-kunst\/thumbs\/thumbs_Motiv-09_Bewegen_Pazifik-bei-Isla-Negra_bei-Haus-von-Pablo-Neruda.jpg\"\n               data-image-id=\"119\"\n               data-title=\"Motiv-09_Bewegen_Pazifik-bei-Isla-Negra_bei-Haus-von-Pablo-Neruda\"\n               data-description=\"\"\n               data-image-slug=\"motiv-09_bewegen_pazifik-bei-isla-negra_bei-haus-von-pablo-neruda\"\n               class=\"ngg-simplelightbox\" rel=\"ba384bfc86d4e3270e39b561d42c943d\">\n                <img\n                    title=\"Motiv-09_Bewegen_Pazifik-bei-Isla-Negra_bei-Haus-von-Pablo-Neruda\"\n                    alt=\"Motiv-09_Bewegen_Pazifik-bei-Isla-Negra_bei-Haus-von-Pablo-Neruda\"\n                    src=\"https:\/\/utekuehn.de\/wp-content\/gallery\/10-grad-kunst\/thumbs\/thumbs_Motiv-09_Bewegen_Pazifik-bei-Isla-Negra_bei-Haus-von-Pablo-Neruda.jpg\"\n                    width=\"244\"\n                    height=\"173\"\n                    style=\"max-width:100%;\"\n                \/>\n            <\/a>\n        <\/div>\n\t\t\t\t\t\t\t<\/div> \n\t\t\t\n\t\t\t\t<div id=\"ngg-image-9\" class=\"ngg-gallery-thumbnail-box \" >\n\t\t\t\t        <div class=\"ngg-gallery-thumbnail\">\n            <a href=\"https:\/\/utekuehn.de\/wp-content\/gallery\/10-grad-kunst\/Foto11_Anlanden_Moais-auf-Osterinsel.jpg\"\n               title=\"\"\n               data-src=\"https:\/\/utekuehn.de\/wp-content\/gallery\/10-grad-kunst\/Foto11_Anlanden_Moais-auf-Osterinsel.jpg\"\n               data-thumbnail=\"https:\/\/utekuehn.de\/wp-content\/gallery\/10-grad-kunst\/thumbs\/thumbs_Foto11_Anlanden_Moais-auf-Osterinsel.jpg\"\n               data-image-id=\"118\"\n               data-title=\"Foto11_Anlanden_Moais-auf-Osterinsel\"\n               data-description=\"\"\n               data-image-slug=\"foto11_anlanden_moais-auf-osterinsel\"\n               class=\"ngg-simplelightbox\" rel=\"ba384bfc86d4e3270e39b561d42c943d\">\n                <img\n                    title=\"Foto11_Anlanden_Moais-auf-Osterinsel\"\n                    alt=\"Foto11_Anlanden_Moais-auf-Osterinsel\"\n                    src=\"https:\/\/utekuehn.de\/wp-content\/gallery\/10-grad-kunst\/thumbs\/thumbs_Foto11_Anlanden_Moais-auf-Osterinsel.jpg\"\n                    width=\"115\"\n                    height=\"173\"\n                    style=\"max-width:100%;\"\n                \/>\n            <\/a>\n        <\/div>\n\t\t\t\t\t\t\t<\/div> \n\t\t\t\n\t\n\t<br style=\"clear: both\" \/>\n\n\t\n\t\t<!-- Pagination -->\n\t<div class='ngg-clear'><\/div>\t<\/div>\n\n\n\n\n<p style=\"font-size:12px\"><br>\u201e\u2026dichter am Meer\u201c 2006, Kunstpreis 10\u00b0 Kunst \u2013 Wege in die Hafencity Installation im \u00f6ffentlichen Raum <\/p>\n\n\n\n<p><\/p>\n\n\n\n<p style=\"font-size:12px\">10\u00b0 Kunst beschreibt den 10. L\u00e4ngengrad der senkrecht durch Hamburg, damit auch durch die Innenstadt und die Hafencity verl\u00e4uft .<br>Durch die Aufl\u00f6sung von Freihafen und Speicherstadt als geschlossener Zollbereich hat Hamburg einen Stadtteil an der Elbe hinzugewonnen.<br>F\u00fcr diese Ausschreibung habe ich historisch, architektonisch oder geografisch wichtige Orte mit jeweils einem Motiv sichtbar gemacht.<br>Die Fotografien standen inhaltlich in Korrespondenz mit ihrem tempor\u00e4rem Standpunkt.<br>Jedes Motiv ist sozusagen f\u00fcr seinen Standpunkt \u201ema\u00dfgeschneidert\u201c. So ergeben sich Gr\u00f6\u00dfen wie z. B.<br>bei dem Bild an der Mauer des Nikokaifleet von 3,30 x 10,45 m \u2013 unter Ber\u00fccksichtigung der Mauerfugenabst\u00e4nde zur Befestigung und des zu erwartenden normalen Hochwassers, das t\u00e4glich die Fleete flutet.<\/p>\n\n\n\n<p style=\"font-size:12px\">1. \u201eSeitenwechsel\u201c 4 x 6 m, HypoVereinbank, Rathausmarkt, 2. \u201eBeginn\u201c 3,50 x 4,90 m, Ter Hell &amp; Co. GmbH Baustelle B\u00f6rsenbr\u00fccke 2,  3. \u201e\u00dcbersetzten\u201c 3,30 x 10,45 m, Nicolaibr\u00fccke\/Willy-Brandt-Stra\u00dfe, 4. \u201eAufbruch\u201c 4 x 6 m, Willy-Brandt-Stra\u00dfe 51, 5. \u201eGehen\u201c 4 x 6,40 m, Hauptkirche St. Katharinen, 6. \u201eOrtswechsel\u201c 4 x 6 m, Kaimauer Kibbelsteg\/ ehemaliger Zollzaun, 7. \u201eGute Aussichten\u201c, 6 x 4m, HHLA Haus Kibbelstegbr\u00fccke, 8. \u201eBalance\u201c 4 x 6 m, HHLA Parkhaus Sandtorkai, 9. \u201eBewegen\u201c 3,50 x 5,20 m, Gro\u00dfer Grasbrook (Baustelle Unilever Haus), 10. \u201eAnlanden I\u201c 4 x 6 m, ehemaliges  Vattenfall Einstiegsbauwerk am Cruise Center Hafencity<\/p>\n","protected":false},"excerpt":{"rendered":"<p>\u201e\u2026dichter am Meer\u201c 2006, Kunstpreis 10\u00b0 Kunst \u2013 Wege in die Hafencity Installation im \u00f6ffentlichen Raum 10\u00b0 Kunst beschreibt den 10. L\u00e4ngengrad der senkrecht durch Hamburg, damit auch durch die Innenstadt und die Hafencity verl\u00e4uft .Durch die Aufl\u00f6sung von Freihafen und Speicherstadt als geschlossener Zollbereich hat Hamburg einen Stadtteil an der Elbe hinzugewonnen.F\u00fcr diese Ausschreibung &hellip; <\/p>\n<p class=\"link-more\"><a href=\"https:\/\/utekuehn.de\/index.php\/10-kunst\/\" class=\"more-link\"><span class=\"screen-reader-text\">\u201e10\u00b0 Kunst\u201c<\/span> weiterlesen<\/a><\/p>\n","protected":false},"author":1,"featured_media":0,"parent":0,"menu_order":0,"comment_status":"closed","ping_status":"closed","template":"","meta":{"ngg_post_thumbnail":0,"footnotes":""},"class_list":["post-378","page","type-page","status-publish","hentry"],"yoast_head":"<!-- This site is optimized with the Yoast SEO plugin v16.2 - https:\/\/yoast.com\/wordpress\/plugins\/seo\/ -->\n<title>10\u00b0 Kunst - Ute K\u00fchn<\/title>\n<meta name=\"robots\" content=\"index, follow, max-snippet:-1, max-image-preview:large, max-video-preview:-1\" \/>\n<link rel=\"canonical\" href=\"https:\/\/utekuehn.de\/index.php\/10-kunst\/\" \/>\n<meta property=\"og:locale\" content=\"de_DE\" \/>\n<meta property=\"og:type\" content=\"article\" \/>\n<meta property=\"og:title\" content=\"10\u00b0 Kunst - Ute K\u00fchn\" \/>\n<meta property=\"og:description\" content=\"\u201e\u2026dichter am Meer\u201c 2006, Kunstpreis 10\u00b0 Kunst \u2013 Wege in die Hafencity Installation im \u00f6ffentlichen Raum 10\u00b0 Kunst beschreibt den 10. L\u00e4ngengrad der senkrecht durch Hamburg, damit auch durch die Innenstadt und die Hafencity verl\u00e4uft .Durch die Aufl\u00f6sung von Freihafen und Speicherstadt als geschlossener Zollbereich hat Hamburg einen Stadtteil an der Elbe hinzugewonnen.F\u00fcr diese Ausschreibung &hellip; \u201e10\u00b0 Kunst\u201c weiterlesen\" \/>\n<meta property=\"og:url\" content=\"https:\/\/utekuehn.de\/index.php\/10-kunst\/\" \/>\n<meta property=\"og:site_name\" content=\"Ute K\u00fchn\" \/>\n<meta property=\"article:modified_time\" content=\"2021-04-08T08:45:57+00:00\" \/>\n<meta name=\"twitter:card\" content=\"summary_large_image\" \/>\n<meta name=\"twitter:label1\" content=\"Gesch\u00e4tzte Lesezeit\">\n\t<meta name=\"twitter:data1\" content=\"2\u00a0Minuten\">\n<script type=\"application\/ld+json\" class=\"yoast-schema-graph\">{\"@context\":\"https:\/\/schema.org\",\"@graph\":[{\"@type\":[\"Person\",\"Organization\"],\"@id\":\"https:\/\/utekuehn.de\/#\/schema\/person\/bd4376e5fd83d9a01a962fec9438cd6c\",\"name\":\"Ute K\\u00fchn\",\"image\":{\"@type\":\"ImageObject\",\"@id\":\"https:\/\/utekuehn.de\/#personlogo\",\"inLanguage\":\"de\",\"url\":\"https:\/\/secure.gravatar.com\/avatar\/8cad2a508162da144aaf9ed8124f79b4f59f3a5c6cd0eb8ca6afa48553029e79?s=96&d=mm&r=g\",\"contentUrl\":\"https:\/\/secure.gravatar.com\/avatar\/8cad2a508162da144aaf9ed8124f79b4f59f3a5c6cd0eb8ca6afa48553029e79?s=96&d=mm&r=g\",\"caption\":\"Ute K\\u00fchn\"},\"logo\":{\"@id\":\"https:\/\/utekuehn.de\/#personlogo\"},\"description\":\"artist\",\"sameAs\":[\"http:\/\/utekuehn.de\"]},{\"@type\":\"WebSite\",\"@id\":\"https:\/\/utekuehn.de\/#website\",\"url\":\"https:\/\/utekuehn.de\/\",\"name\":\"Ute K\\u00fchn\",\"description\":\"Fotografie und Installation\",\"publisher\":{\"@id\":\"https:\/\/utekuehn.de\/#\/schema\/person\/bd4376e5fd83d9a01a962fec9438cd6c\"},\"potentialAction\":[{\"@type\":\"SearchAction\",\"target\":\"https:\/\/utekuehn.de\/?s={search_term_string}\",\"query-input\":\"required name=search_term_string\"}],\"inLanguage\":\"de\"},{\"@type\":\"WebPage\",\"@id\":\"https:\/\/utekuehn.de\/index.php\/10-kunst\/#webpage\",\"url\":\"https:\/\/utekuehn.de\/index.php\/10-kunst\/\",\"name\":\"10\\u00b0 Kunst - Ute K\\u00fchn\",\"isPartOf\":{\"@id\":\"https:\/\/utekuehn.de\/#website\"},\"datePublished\":\"2021-03-21T15:50:55+00:00\",\"dateModified\":\"2021-04-08T08:45:57+00:00\",\"breadcrumb\":{\"@id\":\"https:\/\/utekuehn.de\/index.php\/10-kunst\/#breadcrumb\"},\"inLanguage\":\"de\",\"potentialAction\":[{\"@type\":\"ReadAction\",\"target\":[\"https:\/\/utekuehn.de\/index.php\/10-kunst\/\"]}]},{\"@type\":\"BreadcrumbList\",\"@id\":\"https:\/\/utekuehn.de\/index.php\/10-kunst\/#breadcrumb\",\"itemListElement\":[{\"@type\":\"ListItem\",\"position\":1,\"item\":{\"@type\":\"WebPage\",\"@id\":\"https:\/\/utekuehn.de\/\",\"url\":\"https:\/\/utekuehn.de\/\",\"name\":\"Startseite\"}},{\"@type\":\"ListItem\",\"position\":2,\"item\":{\"@id\":\"https:\/\/utekuehn.de\/index.php\/10-kunst\/#webpage\"}}]}]}<\/script>\n<!-- \/ Yoast SEO plugin. -->","_links":{"self":[{"href":"https:\/\/utekuehn.de\/index.php\/wp-json\/wp\/v2\/pages\/378","targetHints":{"allow":["GET"]}}],"collection":[{"href":"https:\/\/utekuehn.de\/index.php\/wp-json\/wp\/v2\/pages"}],"about":[{"href":"https:\/\/utekuehn.de\/index.php\/wp-json\/wp\/v2\/types\/page"}],"author":[{"embeddable":true,"href":"https:\/\/utekuehn.de\/index.php\/wp-json\/wp\/v2\/users\/1"}],"replies":[{"embeddable":true,"href":"https:\/\/utekuehn.de\/index.php\/wp-json\/wp\/v2\/comments?post=378"}],"version-history":[{"count":11,"href":"https:\/\/utekuehn.de\/index.php\/wp-json\/wp\/v2\/pages\/378\/revisions"}],"predecessor-version":[{"id":612,"href":"https:\/\/utekuehn.de\/index.php\/wp-json\/wp\/v2\/pages\/378\/revisions\/612"}],"wp:attachment":[{"href":"https:\/\/utekuehn.de\/index.php\/wp-json\/wp\/v2\/media?parent=378"}],"curies":[{"name":"wp","href":"https:\/\/api.w.org\/{rel}","templated":true}]}}