{"id":531,"date":"2021-04-06T10:13:39","date_gmt":"2021-04-06T08:13:39","guid":{"rendered":"https:\/\/utekuehn.de\/?page_id=531"},"modified":"2021-04-07T12:11:20","modified_gmt":"2021-04-07T10:11:20","slug":"scrabble-with-donald","status":"publish","type":"page","link":"https:\/\/utekuehn.de\/index.php\/scrabble-with-donald\/","title":{"rendered":"Just a game"},"content":{"rendered":"\n<figure class=\"wp-block-image size-large\"><img loading=\"lazy\" decoding=\"async\" width=\"900\" height=\"637\" src=\"https:\/\/utekuehn.de\/wp-content\/uploads\/2021\/04\/Ute-Kuehn-Just-a-game_II_Homepage.jpg\" alt=\"\" class=\"wp-image-544\" srcset=\"https:\/\/utekuehn.de\/wp-content\/uploads\/2021\/04\/Ute-Kuehn-Just-a-game_II_Homepage.jpg 900w, https:\/\/utekuehn.de\/wp-content\/uploads\/2021\/04\/Ute-Kuehn-Just-a-game_II_Homepage-300x212.jpg 300w, https:\/\/utekuehn.de\/wp-content\/uploads\/2021\/04\/Ute-Kuehn-Just-a-game_II_Homepage-768x544.jpg 768w\" sizes=\"auto, (max-width: 767px) 89vw, (max-width: 1000px) 54vw, (max-width: 1071px) 543px, 580px\" \/><\/figure>\n\n\n\n<p class=\"has-text-align-center\" style=\"font-size:12px\"><em>&#8222;Just a game<\/em>&#8220; 2018, Scrabble-Spielverlauf Fotografie<\/p>\n\n\n\n<p><\/p>\n\n\n\n<p style=\"font-size:12px;line-height:1\">Fotoarbeit f\u00fcr die BBK Hamburg Jahresausstellung 2018 &#8222;<em>sch\u00f6n, falsch, leben<\/em>&#8222;.<\/p>\n\n\n\n<p style=\"font-size:12px;line-height:1\">Ein fiktives Scrabble-Spiel, mit dem Donald Trump, gemeinsam mit Stephen Bannon die Zeit totgeschlagen haben k\u00f6nnte.<\/p>\n\n\n\n<p style=\"font-size:12px\">Der damals frisch gew\u00e4hlte Pr\u00e4sident der USA, hatte  laut Informationen aus dem Wei\u00dfen Haus oft Langeweile!<\/p>\n","protected":false},"excerpt":{"rendered":"<p>&#8222;Just a game&#8220; 2018, Scrabble-Spielverlauf Fotografie Fotoarbeit f\u00fcr die BBK Hamburg Jahresausstellung 2018 &#8222;sch\u00f6n, falsch, leben&#8222;. Ein fiktives Scrabble-Spiel, mit dem Donald Trump, gemeinsam mit Stephen Bannon die Zeit totgeschlagen haben k\u00f6nnte. Der damals frisch gew\u00e4hlte Pr\u00e4sident der USA, hatte laut Informationen aus dem Wei\u00dfen Haus oft Langeweile!<\/p>\n","protected":false},"author":1,"featured_media":0,"parent":0,"menu_order":0,"comment_status":"closed","ping_status":"closed","template":"","meta":{"ngg_post_thumbnail":0,"footnotes":""},"class_list":["post-531","page","type-page","status-publish","hentry"],"yoast_head":"<!-- This site is optimized with the Yoast SEO plugin v16.2 - https:\/\/yoast.com\/wordpress\/plugins\/seo\/ -->\n<title>Just a game - Ute K\u00fchn<\/title>\n<meta name=\"robots\" content=\"index, follow, max-snippet:-1, max-image-preview:large, max-video-preview:-1\" \/>\n<link rel=\"canonical\" href=\"https:\/\/utekuehn.de\/index.php\/scrabble-with-donald\/\" \/>\n<meta property=\"og:locale\" content=\"de_DE\" \/>\n<meta property=\"og:type\" content=\"article\" \/>\n<meta property=\"og:title\" content=\"Just a game - Ute K\u00fchn\" \/>\n<meta property=\"og:description\" content=\"&#8222;Just a game&#8220; 2018, Scrabble-Spielverlauf Fotografie Fotoarbeit f\u00fcr die BBK Hamburg Jahresausstellung 2018 &#8222;sch\u00f6n, falsch, leben&#8222;. Ein fiktives Scrabble-Spiel, mit dem Donald Trump, gemeinsam mit Stephen Bannon die Zeit totgeschlagen haben k\u00f6nnte. Der damals frisch gew\u00e4hlte Pr\u00e4sident der USA, hatte laut Informationen aus dem Wei\u00dfen Haus oft Langeweile!\" \/>\n<meta property=\"og:url\" content=\"https:\/\/utekuehn.de\/index.php\/scrabble-with-donald\/\" \/>\n<meta property=\"og:site_name\" content=\"Ute K\u00fchn\" \/>\n<meta property=\"article:modified_time\" content=\"2021-04-07T10:11:20+00:00\" \/>\n<meta property=\"og:image\" content=\"https:\/\/utekuehn.de\/wp-content\/uploads\/2021\/04\/Ute-Kuehn-Just-a-game_II_Homepage.jpg\" \/>\n<meta name=\"twitter:card\" content=\"summary_large_image\" \/>\n<meta name=\"twitter:label1\" content=\"Gesch\u00e4tzte Lesezeit\">\n\t<meta name=\"twitter:data1\" content=\"1\u00a0Minute\">\n<script type=\"application\/ld+json\" class=\"yoast-schema-graph\">{\"@context\":\"https:\/\/schema.org\",\"@graph\":[{\"@type\":[\"Person\",\"Organization\"],\"@id\":\"https:\/\/utekuehn.de\/#\/schema\/person\/bd4376e5fd83d9a01a962fec9438cd6c\",\"name\":\"Ute K\\u00fchn\",\"image\":{\"@type\":\"ImageObject\",\"@id\":\"https:\/\/utekuehn.de\/#personlogo\",\"inLanguage\":\"de\",\"url\":\"https:\/\/secure.gravatar.com\/avatar\/8cad2a508162da144aaf9ed8124f79b4f59f3a5c6cd0eb8ca6afa48553029e79?s=96&d=mm&r=g\",\"contentUrl\":\"https:\/\/secure.gravatar.com\/avatar\/8cad2a508162da144aaf9ed8124f79b4f59f3a5c6cd0eb8ca6afa48553029e79?s=96&d=mm&r=g\",\"caption\":\"Ute K\\u00fchn\"},\"logo\":{\"@id\":\"https:\/\/utekuehn.de\/#personlogo\"},\"description\":\"artist\",\"sameAs\":[\"http:\/\/utekuehn.de\"]},{\"@type\":\"WebSite\",\"@id\":\"https:\/\/utekuehn.de\/#website\",\"url\":\"https:\/\/utekuehn.de\/\",\"name\":\"Ute K\\u00fchn\",\"description\":\"Fotografie und Installation\",\"publisher\":{\"@id\":\"https:\/\/utekuehn.de\/#\/schema\/person\/bd4376e5fd83d9a01a962fec9438cd6c\"},\"potentialAction\":[{\"@type\":\"SearchAction\",\"target\":\"https:\/\/utekuehn.de\/?s={search_term_string}\",\"query-input\":\"required name=search_term_string\"}],\"inLanguage\":\"de\"},{\"@type\":\"ImageObject\",\"@id\":\"https:\/\/utekuehn.de\/index.php\/scrabble-with-donald\/#primaryimage\",\"inLanguage\":\"de\",\"url\":\"https:\/\/utekuehn.de\/wp-content\/uploads\/2021\/04\/Ute-Kuehn-Just-a-game_II_Homepage.jpg\",\"contentUrl\":\"https:\/\/utekuehn.de\/wp-content\/uploads\/2021\/04\/Ute-Kuehn-Just-a-game_II_Homepage.jpg\",\"width\":900,\"height\":637},{\"@type\":\"WebPage\",\"@id\":\"https:\/\/utekuehn.de\/index.php\/scrabble-with-donald\/#webpage\",\"url\":\"https:\/\/utekuehn.de\/index.php\/scrabble-with-donald\/\",\"name\":\"Just a game - Ute K\\u00fchn\",\"isPartOf\":{\"@id\":\"https:\/\/utekuehn.de\/#website\"},\"primaryImageOfPage\":{\"@id\":\"https:\/\/utekuehn.de\/index.php\/scrabble-with-donald\/#primaryimage\"},\"datePublished\":\"2021-04-06T08:13:39+00:00\",\"dateModified\":\"2021-04-07T10:11:20+00:00\",\"breadcrumb\":{\"@id\":\"https:\/\/utekuehn.de\/index.php\/scrabble-with-donald\/#breadcrumb\"},\"inLanguage\":\"de\",\"potentialAction\":[{\"@type\":\"ReadAction\",\"target\":[\"https:\/\/utekuehn.de\/index.php\/scrabble-with-donald\/\"]}]},{\"@type\":\"BreadcrumbList\",\"@id\":\"https:\/\/utekuehn.de\/index.php\/scrabble-with-donald\/#breadcrumb\",\"itemListElement\":[{\"@type\":\"ListItem\",\"position\":1,\"item\":{\"@type\":\"WebPage\",\"@id\":\"https:\/\/utekuehn.de\/\",\"url\":\"https:\/\/utekuehn.de\/\",\"name\":\"Startseite\"}},{\"@type\":\"ListItem\",\"position\":2,\"item\":{\"@id\":\"https:\/\/utekuehn.de\/index.php\/scrabble-with-donald\/#webpage\"}}]}]}<\/script>\n<!-- \/ Yoast SEO plugin. -->","_links":{"self":[{"href":"https:\/\/utekuehn.de\/index.php\/wp-json\/wp\/v2\/pages\/531","targetHints":{"allow":["GET"]}}],"collection":[{"href":"https:\/\/utekuehn.de\/index.php\/wp-json\/wp\/v2\/pages"}],"about":[{"href":"https:\/\/utekuehn.de\/index.php\/wp-json\/wp\/v2\/types\/page"}],"author":[{"embeddable":true,"href":"https:\/\/utekuehn.de\/index.php\/wp-json\/wp\/v2\/users\/1"}],"replies":[{"embeddable":true,"href":"https:\/\/utekuehn.de\/index.php\/wp-json\/wp\/v2\/comments?post=531"}],"version-history":[{"count":9,"href":"https:\/\/utekuehn.de\/index.php\/wp-json\/wp\/v2\/pages\/531\/revisions"}],"predecessor-version":[{"id":607,"href":"https:\/\/utekuehn.de\/index.php\/wp-json\/wp\/v2\/pages\/531\/revisions\/607"}],"wp:attachment":[{"href":"https:\/\/utekuehn.de\/index.php\/wp-json\/wp\/v2\/media?parent=531"}],"curies":[{"name":"wp","href":"https:\/\/api.w.org\/{rel}","templated":true}]}}